{"id":3894,"date":"2026-02-02T11:52:18","date_gmt":"2026-02-02T15:52:18","guid":{"rendered":"https:\/\/teatrokadaken.wp.kukiko.com\/asinaki-nos-a-kuminsa\/"},"modified":"2026-03-06T09:25:08","modified_gmt":"2026-03-06T13:25:08","slug":"asinaki-nos-a-kuminsa","status":"publish","type":"page","link":"https:\/\/teatrokadaken.org\/pap\/asinaki-nos-a-kuminsa\/","title":{"rendered":"Asin&#8217;aki nos a kumins\u00e1"},"content":{"rendered":"<p>Kas di Teatro KadaKen ta Teatro Aula den Wishi, konstru\u00ed 1930 den Huize Welgelegen, mih\u00f3 konos\u00ed komo Habaai. Nos ta b\u00e8k na kas. Pasobra na 2009 e lug\u00e1 ak\u00ed tabata e lug\u00e1 di nos prom\u00e9 presentashon. Nos a aktua den un oula bash\u00ed i deterior\u00e1, sin podio. P\u00fabliko tabata sint\u00e1 riba stul plam\u00e1 den e espasio.     <\/p>\n<p>E interakshon ei tabata n\u00e8t loke nos tabata buska. El a pas ku e estilo progresivo i \u00faniko di direktor di teatro Albert Schoobaar. Albert a funda (\u00f2f lanta, kumins\u00e1 ku) Fundashon Teatro KadaKen na 2008, huntu ku aktris Norma Cova i direktor&#8230; Lou Nisbet. Albert i Norma tur dos tabatin un papel den e prom\u00e9 obra pa h\u00f3ben di e fundashon: \u201cE dekonstrukshon di Edsel K.\u201d.<br \/>Ta e palabranan na Papiamentu di Albert ku ta pone h\u00f3bennan hari i yora: ta nan palabranan, ta nan mundu.     <\/p>\n<p>E kuminsamentu ei. Un periodo spesial! Esaki ta e fundeshi: sinku produkshon teatral bou di direkshon art\u00edstiko di Albert. Esaki ta e herensia: e estilo ak\u00ed, e ideanan ak\u00ed, e produkshonnan ak\u00ed.<br \/>Despues, Lou Nisbet i e direktiva a tuma e batuta. Nan a sigui desaroy\u00e1 e plataforma \u00faniko pa Teatro KadaKen. Nan a hasi esaki huntu ku direktornan nobo ku tin un urgensia fuerte pa konta kuentanan ku ta sosialmente relevante.      <\/p>\n<p>Dies a\u00f1a despues, tur pida di e p\u00f9zel a kai na lug\u00e1. Organisashon di kuido B\u00edrgen di Rosario tin maneho di Huize Welgelegen. Na 2018, bou di guia di Indra Rossen -Lucasius, ku tabata resien apunt\u00e1 direktora di B\u00edrgen di Rosario e oula ku tabata deterior\u00e1 i den uso komo b\u00e8rgh\u00f2k a risib\u00ed atenshon.<br \/>Ku un bon limpiesa i drecha e flur di palu i bentananan di sh\u00f9ter, nan a tuma prom\u00e9 paso pa hasi e teatro disponibel atrobe pa p\u00fabliko. Tur esaki a sosod\u00e9 den e temporada ku Teatro KadaKen tabata maneh\u00e1 teatro La Tentashon na Otrobanda.    <\/p>\n<p>Na 2020, KadaKen a hiba k\u00f2mbersashon pa kolaborashon ku B\u00edrgen di Rosario i a formalis\u00e1 e kolaborashon den un kontrato firm\u00e1 pa e direktiva i Lou Nisbet. Birgen di Rosario i Teatro KadaKen a ha\u00f1a otro den un vishon kompart\u00ed pa uzo di e espasio hist\u00f3riko i \u00faniko ak\u00ed: ku y\u00f2n i bieu por disfrut\u00e1 akinan di arte, obra teatral i kultura i ku e sitio krese bira e sentro di podio art\u00edstiko na K\u00f2rsou. Nov\u00e8mber di 2021 ta apertura ofisial di Teatro Oula.   <\/p>\n","protected":false},"excerpt":{"rendered":"<p>Kas di Teatro KadaKen ta Teatro Aula den Wishi, konstru\u00ed 1930 den Huize Welgelegen, mih\u00f3 konos\u00ed komo Habaai. Nos ta b\u00e8k na kas. Pasobra na 2009 e lug\u00e1 ak\u00ed tabata [&hellip;]<\/p>\n","protected":false},"author":6,"featured_media":3896,"parent":0,"menu_order":210,"comment_status":"closed","ping_status":"closed","template":"","meta":{"_et_pb_use_builder":"","_et_pb_old_content":"","_et_gb_content_width":"","_vp_format_video_url":"","_vp_image_focal_point":[],"footnotes":""},"class_list":["post-3894","page","type-page","status-publish","has-post-thumbnail","hentry"],"_links":{"self":[{"href":"https:\/\/teatrokadaken.org\/pap\/wp-json\/wp\/v2\/pages\/3894","targetHints":{"allow":["GET"]}}],"collection":[{"href":"https:\/\/teatrokadaken.org\/pap\/wp-json\/wp\/v2\/pages"}],"about":[{"href":"https:\/\/teatrokadaken.org\/pap\/wp-json\/wp\/v2\/types\/page"}],"author":[{"embeddable":true,"href":"https:\/\/teatrokadaken.org\/pap\/wp-json\/wp\/v2\/users\/6"}],"replies":[{"embeddable":true,"href":"https:\/\/teatrokadaken.org\/pap\/wp-json\/wp\/v2\/comments?post=3894"}],"version-history":[{"count":0,"href":"https:\/\/teatrokadaken.org\/pap\/wp-json\/wp\/v2\/pages\/3894\/revisions"}],"wp:featuredmedia":[{"embeddable":true,"href":"https:\/\/teatrokadaken.org\/pap\/wp-json\/wp\/v2\/media\/3896"}],"wp:attachment":[{"href":"https:\/\/teatrokadaken.org\/pap\/wp-json\/wp\/v2\/media?parent=3894"}],"curies":[{"name":"wp","href":"https:\/\/api.w.org\/{rel}","templated":true}]}}